

{"id":2906,"date":"2023-10-01T06:33:15","date_gmt":"2023-10-01T06:33:15","guid":{"rendered":"https:\/\/emmaison.edu.vn\/cs1\/?page_id=2906"},"modified":"2023-10-06T07:33:55","modified_gmt":"2023-10-06T07:33:55","slug":"why-choose-em-maison","status":"publish","type":"page","link":"https:\/\/emmaison.edu.vn\/cs4\/en\/why-choose-em-maison\/","title":{"rendered":"Why choose Em Maison"},"content":{"rendered":"\t\t<div data-elementor-type=\"wp-page\" data-elementor-id=\"2906\" class=\"elementor elementor-2906\" data-elementor-settings=\"[]\">\n\t\t\t\t\t\t\t<div class=\"elementor-section-wrap\">\n\t\t\t\t\t\t\t<section class=\"elementor-section elementor-top-section elementor-element elementor-element-1eb17df elementor-section-boxed elementor-section-height-default elementor-section-height-default\" data-id=\"1eb17df\" data-element_type=\"section\">\n\t\t\t\t\t\t<div class=\"elementor-container elementor-column-gap-default\">\n\t\t\t\t\t<div class=\"elementor-column elementor-col-100 elementor-top-column elementor-element elementor-element-8db83b8\" data-id=\"8db83b8\" data-element_type=\"column\">\n\t\t\t<div class=\"elementor-widget-wrap elementor-element-populated\">\n\t\t\t\t\t\t\t\t<div class=\"elementor-element elementor-element-5e9c4f9 big_title elementor-widget elementor-widget-heading\" data-id=\"5e9c4f9\" data-element_type=\"widget\" data-widget_type=\"heading.default\">\n\t\t\t\t<div class=\"elementor-widget-container\">\n\t\t\t<h2 class=\"elementor-heading-title elementor-size-default\">WHY CHOOSE EM MAISON<\/h2>\t\t<\/div>\n\t\t\t\t<\/div>\n\t\t\t\t\t<\/div>\n\t\t<\/div>\n\t\t\t\t\t\t\t<\/div>\n\t\t<\/section>\n\t\t\t\t<section class=\"elementor-section elementor-top-section elementor-element elementor-element-788c974 elementor-section-boxed elementor-section-height-default elementor-section-height-default\" data-id=\"788c974\" data-element_type=\"section\">\n\t\t\t\t\t\t<div class=\"elementor-container elementor-column-gap-default\">\n\t\t\t\t\t<div class=\"elementor-column elementor-col-100 elementor-top-column elementor-element elementor-element-f5c2814\" data-id=\"f5c2814\" data-element_type=\"column\">\n\t\t\t<div class=\"elementor-widget-wrap elementor-element-populated\">\n\t\t\t\t\t\t\t\t<div class=\"elementor-element elementor-element-c9523c8 elementor-widget elementor-widget-lae-features\" data-id=\"c9523c8\" data-element_type=\"widget\" data-widget_type=\"lae-features.default\">\n\t\t\t\t<div class=\"elementor-widget-container\">\n\t\t\t\n<div class=\"lae-features lae-container \">\n\n    \n        \n        \n        \n<div class=\"lae-feature lae-image-text-toggle \">\n\n    \n    <div class=\"lae-feature-image lae-image-content  lae-animate-on-scroll lae-visible-on-scroll\"  data-animation=\"bounceInRight\">\n\n        \n            <img width=\"1000\" height=\"595\" src=\"https:\/\/emmaison.edu.vn\/cs4\/wp-content\/uploads\/2021\/12\/khong-gian.jpg\" class=\"lae-image attachment-full size-full\" alt=\"khong-gian\" loading=\"lazy\" title=\"khong-gian\" srcset=\"https:\/\/emmaison.edu.vn\/cs4\/wp-content\/uploads\/2021\/12\/khong-gian.jpg 1000w, https:\/\/emmaison.edu.vn\/cs4\/wp-content\/uploads\/2021\/12\/khong-gian-300x179.jpg 300w, https:\/\/emmaison.edu.vn\/cs4\/wp-content\/uploads\/2021\/12\/khong-gian-768x457.jpg 768w\" sizes=\"(max-width: 1000px) 100vw, 1000px\" \/>\n        \n    <\/div><!-- .lae-feature-image -->\n\n    \n    <div class=\"lae-feature-text lae-text-content  lae-animate-on-scroll lae-visible-on-scroll\"  data-animation=\"fadeInLeft\">\n\n        <div class=\"lae-subtitle\"><\/div>\n\n        <h3 class=\"lae-title\">The Learning Space<\/h3>\n        <div class=\"lae-feature-details\"><p>With a bright space and creative ways of arranging the learning materials, children can play, learn, love, and express their thinking and imagination.<\/p><p>To give our children a safe and aesthetic space, all of our classrooms are simply designed to arouse curiosity in every corner for children of different ages.<\/p><\/div>\n\n    <\/div><!-- .lae-feature-text -->\n\n<\/div><!-- .lae-feature -->\n        \n    \n        \n        \n        \n<div class=\"lae-feature lae-image-text-toggle \">\n\n    \n    <div class=\"lae-feature-image lae-image-content  lae-animate-on-scroll\"  data-animation=\"wobble\">\n\n        \n            <img width=\"800\" height=\"579\" src=\"https:\/\/emmaison.edu.vn\/cs4\/wp-content\/uploads\/2021\/12\/chat-luong-giang-day.jpg\" class=\"lae-image attachment-full size-full\" alt=\"chat-luong-giang-day\" loading=\"lazy\" title=\"chat-luong-giang-day\" srcset=\"https:\/\/emmaison.edu.vn\/cs4\/wp-content\/uploads\/2021\/12\/chat-luong-giang-day.jpg 800w, https:\/\/emmaison.edu.vn\/cs4\/wp-content\/uploads\/2021\/12\/chat-luong-giang-day-300x217.jpg 300w, https:\/\/emmaison.edu.vn\/cs4\/wp-content\/uploads\/2021\/12\/chat-luong-giang-day-768x556.jpg 768w\" sizes=\"(max-width: 800px) 100vw, 800px\" \/>\n        \n    <\/div><!-- .lae-feature-image -->\n\n    \n    <div class=\"lae-feature-text lae-text-content  lae-animate-on-scroll lae-visible-on-scroll\"  data-animation=\"fadeInLeft\">\n\n        <div class=\"lae-subtitle\"><\/div>\n\n        <h3 class=\"lae-title\">Teaching Quality<\/h3>\n        <div class=\"lae-feature-details\"><p>The Reggio Emilia Approach\u00ae emphasizes the teacher&#8217;s role. At Em Maison and the Reggio Emilia Approach\u00ae, teachers are researchers \u2013 always looking for creative ways to support and accompany our children to create and build together a journey of development. Em Maison teachers are trained and certified by Global Embassy with Reggio Children experts. The 2-year initial training program along with the professional supplemental training programs from the 3rd year onward are mandatory regulations for any teacher participating in teaching the integrated Reggio Emilia Approach\u00ae program with the Ministry of Education and Training (MOET) of Vietnam.<\/p><\/div>\n\n    <\/div><!-- .lae-feature-text -->\n\n<\/div><!-- .lae-feature -->\n        \n    \n<\/div><!-- .lae-features -->\n\n\n\t\t<\/div>\n\t\t\t\t<\/div>\n\t\t\t\t\t<\/div>\n\t\t<\/div>\n\t\t\t\t\t\t\t<\/div>\n\t\t<\/section>\n\t\t\t\t\t\t<\/div>\n\t\t\t\t\t<\/div>\n\t\t","protected":false},"excerpt":{"rendered":"WHY CHOOSE EM MAISON The Learning Space With a bright space and creative ways of arranging the learning materials, children can play, learn, love, and express their thinking and imagination. To give our children a safe and aesthetic space, all of our classrooms are simply designed to arouse curiosity in every corner for children of [&hellip;]","protected":false},"author":3,"featured_media":0,"parent":0,"menu_order":4,"comment_status":"closed","ping_status":"closed","template":"","meta":[],"yoast_head":"<!-- This site is optimized with the Yoast SEO plugin v17.9 - https:\/\/yoast.com\/wordpress\/plugins\/seo\/ -->\n<meta name=\"robots\" content=\"index, follow, max-snippet:-1, max-image-preview:large, max-video-preview:-1\" \/>\n<link rel=\"canonical\" href=\"https:\/\/emmaison.edu.vn\/cs4\/en\/why-choose-em-maison\/\" \/>\n<meta property=\"og:locale\" content=\"en_US\" \/>\n<meta property=\"og:type\" content=\"article\" \/>\n<meta property=\"og:title\" content=\"Why choose Em Maison - Ng\u00f4i nh\u00e0 B\u00e9 con \u2013 Em Maison Qu\u1eadn 2\" \/>\n<meta property=\"og:description\" content=\"WHY CHOOSE EM MAISON The Learning Space With a bright space and creative ways of arranging the learning materials, children can play, learn, love, and express their thinking and imagination. To give our children a safe and aesthetic space, all of our classrooms are simply designed to arouse curiosity in every corner for children of [&hellip;]\" \/>\n<meta property=\"og:url\" content=\"https:\/\/emmaison.edu.vn\/cs4\/en\/why-choose-em-maison\/\" \/>\n<meta property=\"og:site_name\" content=\"Ng\u00f4i nh\u00e0 B\u00e9 con \u2013 Em Maison Qu\u1eadn 2\" \/>\n<meta property=\"article:modified_time\" content=\"2023-10-06T07:33:55+00:00\" \/>\n<meta property=\"og:image\" content=\"http:\/\/emmaison.edu.vn\/cs4\/wp-content\/uploads\/2021\/12\/khong-gian.jpg\" \/>\n<meta name=\"twitter:card\" content=\"summary_large_image\" \/>\n<meta name=\"twitter:label1\" content=\"Est. reading time\" \/>\n\t<meta name=\"twitter:data1\" content=\"2 minutes\" \/>\n<script type=\"application\/ld+json\" class=\"yoast-schema-graph\">{\"@context\":\"https:\/\/schema.org\",\"@graph\":[{\"@type\":\"WebSite\",\"@id\":\"https:\/\/emmaison.edu.vn\/cs4\/#website\",\"url\":\"https:\/\/emmaison.edu.vn\/cs4\/\",\"name\":\"Ng\\u00f4i nh\\u00e0 B\\u00e9 con \\u2013 Em Maison Qu\\u1eadn 2\",\"description\":\"Just another WordPress site\",\"potentialAction\":[{\"@type\":\"SearchAction\",\"target\":{\"@type\":\"EntryPoint\",\"urlTemplate\":\"https:\/\/emmaison.edu.vn\/cs4\/?s={search_term_string}\"},\"query-input\":\"required name=search_term_string\"}],\"inLanguage\":\"en-US\"},{\"@type\":\"ImageObject\",\"@id\":\"https:\/\/emmaison.edu.vn\/cs4\/en\/why-choose-em-maison\/#primaryimage\",\"inLanguage\":\"en-US\",\"url\":\"http:\/\/emmaison.edu.vn\/cs4\/wp-content\/uploads\/2021\/12\/khong-gian.jpg\",\"contentUrl\":\"http:\/\/emmaison.edu.vn\/cs4\/wp-content\/uploads\/2021\/12\/khong-gian.jpg\"},{\"@type\":\"WebPage\",\"@id\":\"https:\/\/emmaison.edu.vn\/cs4\/en\/why-choose-em-maison\/#webpage\",\"url\":\"https:\/\/emmaison.edu.vn\/cs4\/en\/why-choose-em-maison\/\",\"name\":\"Why choose Em Maison - Ng\\u00f4i nh\\u00e0 B\\u00e9 con \\u2013 Em Maison Qu\\u1eadn 2\",\"isPartOf\":{\"@id\":\"https:\/\/emmaison.edu.vn\/cs4\/#website\"},\"primaryImageOfPage\":{\"@id\":\"https:\/\/emmaison.edu.vn\/cs4\/en\/why-choose-em-maison\/#primaryimage\"},\"datePublished\":\"2023-10-01T06:33:15+00:00\",\"dateModified\":\"2023-10-06T07:33:55+00:00\",\"breadcrumb\":{\"@id\":\"https:\/\/emmaison.edu.vn\/cs4\/en\/why-choose-em-maison\/#breadcrumb\"},\"inLanguage\":\"en-US\",\"potentialAction\":[{\"@type\":\"ReadAction\",\"target\":[\"https:\/\/emmaison.edu.vn\/cs4\/en\/why-choose-em-maison\/\"]}]},{\"@type\":\"BreadcrumbList\",\"@id\":\"https:\/\/emmaison.edu.vn\/cs4\/en\/why-choose-em-maison\/#breadcrumb\",\"itemListElement\":[{\"@type\":\"ListItem\",\"position\":1,\"name\":\"Home\",\"item\":\"https:\/\/emmaison.edu.vn\/cs4\/\"},{\"@type\":\"ListItem\",\"position\":2,\"name\":\"Why choose Em Maison\"}]}]}<\/script>\n<!-- \/ Yoast SEO plugin. -->","yoast_head_json":{"robots":{"index":"index","follow":"follow","max-snippet":"max-snippet:-1","max-image-preview":"max-image-preview:large","max-video-preview":"max-video-preview:-1"},"canonical":"https:\/\/emmaison.edu.vn\/cs4\/en\/why-choose-em-maison\/","og_locale":"en_US","og_type":"article","og_title":"Why choose Em Maison - Ng\u00f4i nh\u00e0 B\u00e9 con \u2013 Em Maison Qu\u1eadn 2","og_description":"WHY CHOOSE EM MAISON The Learning Space With a bright space and creative ways of arranging the learning materials, children can play, learn, love, and express their thinking and imagination. To give our children a safe and aesthetic space, all of our classrooms are simply designed to arouse curiosity in every corner for children of [&hellip;]","og_url":"https:\/\/emmaison.edu.vn\/cs4\/en\/why-choose-em-maison\/","og_site_name":"Ng\u00f4i nh\u00e0 B\u00e9 con \u2013 Em Maison Qu\u1eadn 2","article_modified_time":"2023-10-06T07:33:55+00:00","og_image":[{"url":"http:\/\/emmaison.edu.vn\/cs4\/wp-content\/uploads\/2021\/12\/khong-gian.jpg"}],"twitter_card":"summary_large_image","twitter_misc":{"Est. reading time":"2 minutes"},"schema":{"@context":"https:\/\/schema.org","@graph":[{"@type":"WebSite","@id":"https:\/\/emmaison.edu.vn\/cs4\/#website","url":"https:\/\/emmaison.edu.vn\/cs4\/","name":"Ng\u00f4i nh\u00e0 B\u00e9 con \u2013 Em Maison Qu\u1eadn 2","description":"Just another WordPress site","potentialAction":[{"@type":"SearchAction","target":{"@type":"EntryPoint","urlTemplate":"https:\/\/emmaison.edu.vn\/cs4\/?s={search_term_string}"},"query-input":"required name=search_term_string"}],"inLanguage":"en-US"},{"@type":"ImageObject","@id":"https:\/\/emmaison.edu.vn\/cs4\/en\/why-choose-em-maison\/#primaryimage","inLanguage":"en-US","url":"http:\/\/emmaison.edu.vn\/cs4\/wp-content\/uploads\/2021\/12\/khong-gian.jpg","contentUrl":"http:\/\/emmaison.edu.vn\/cs4\/wp-content\/uploads\/2021\/12\/khong-gian.jpg"},{"@type":"WebPage","@id":"https:\/\/emmaison.edu.vn\/cs4\/en\/why-choose-em-maison\/#webpage","url":"https:\/\/emmaison.edu.vn\/cs4\/en\/why-choose-em-maison\/","name":"Why choose Em Maison - Ng\u00f4i nh\u00e0 B\u00e9 con \u2013 Em Maison Qu\u1eadn 2","isPartOf":{"@id":"https:\/\/emmaison.edu.vn\/cs4\/#website"},"primaryImageOfPage":{"@id":"https:\/\/emmaison.edu.vn\/cs4\/en\/why-choose-em-maison\/#primaryimage"},"datePublished":"2023-10-01T06:33:15+00:00","dateModified":"2023-10-06T07:33:55+00:00","breadcrumb":{"@id":"https:\/\/emmaison.edu.vn\/cs4\/en\/why-choose-em-maison\/#breadcrumb"},"inLanguage":"en-US","potentialAction":[{"@type":"ReadAction","target":["https:\/\/emmaison.edu.vn\/cs4\/en\/why-choose-em-maison\/"]}]},{"@type":"BreadcrumbList","@id":"https:\/\/emmaison.edu.vn\/cs4\/en\/why-choose-em-maison\/#breadcrumb","itemListElement":[{"@type":"ListItem","position":1,"name":"Home","item":"https:\/\/emmaison.edu.vn\/cs4\/"},{"@type":"ListItem","position":2,"name":"Why choose Em Maison"}]}]}},"lang":"en","translations":{"en":2906,"vi":626},"pll_sync_post":[],"_links":{"self":[{"href":"https:\/\/emmaison.edu.vn\/cs4\/wp-json\/wp\/v2\/pages\/2906"}],"collection":[{"href":"https:\/\/emmaison.edu.vn\/cs4\/wp-json\/wp\/v2\/pages"}],"about":[{"href":"https:\/\/emmaison.edu.vn\/cs4\/wp-json\/wp\/v2\/types\/page"}],"author":[{"embeddable":true,"href":"https:\/\/emmaison.edu.vn\/cs4\/wp-json\/wp\/v2\/users\/3"}],"replies":[{"embeddable":true,"href":"https:\/\/emmaison.edu.vn\/cs4\/wp-json\/wp\/v2\/comments?post=2906"}],"version-history":[{"count":7,"href":"https:\/\/emmaison.edu.vn\/cs4\/wp-json\/wp\/v2\/pages\/2906\/revisions"}],"predecessor-version":[{"id":3282,"href":"https:\/\/emmaison.edu.vn\/cs4\/wp-json\/wp\/v2\/pages\/2906\/revisions\/3282"}],"wp:attachment":[{"href":"https:\/\/emmaison.edu.vn\/cs4\/wp-json\/wp\/v2\/media?parent=2906"}],"curies":[{"name":"wp","href":"https:\/\/api.w.org\/{rel}","templated":true}]}}