

{"id":3034,"date":"2023-10-02T06:50:18","date_gmt":"2023-10-02T06:50:18","guid":{"rendered":"https:\/\/emmaison.edu.vn\/cs1\/?page_id=3034"},"modified":"2023-10-09T10:58:54","modified_gmt":"2023-10-09T10:58:54","slug":"our-home","status":"publish","type":"page","link":"https:\/\/emmaison.edu.vn\/cs1\/en\/our-home\/","title":{"rendered":"Our home"},"content":{"rendered":"\t\t<div data-elementor-type=\"wp-page\" data-elementor-id=\"3034\" class=\"elementor elementor-3034\" data-elementor-settings=\"[]\">\n\t\t\t\t\t\t\t<div class=\"elementor-section-wrap\">\n\t\t\t\t\t\t\t<section class=\"elementor-section elementor-top-section elementor-element elementor-element-1bc6d93 elementor-section-boxed elementor-section-height-default elementor-section-height-default\" data-id=\"1bc6d93\" data-element_type=\"section\">\n\t\t\t\t\t\t<div class=\"elementor-container elementor-column-gap-default\">\n\t\t\t\t\t<div class=\"elementor-column elementor-col-100 elementor-top-column elementor-element elementor-element-e9c6f00\" data-id=\"e9c6f00\" data-element_type=\"column\">\n\t\t\t<div class=\"elementor-widget-wrap elementor-element-populated\">\n\t\t\t\t\t\t\t\t<div class=\"elementor-element elementor-element-d5e4174 big_title elementor-widget elementor-widget-heading\" data-id=\"d5e4174\" data-element_type=\"widget\" data-widget_type=\"heading.default\">\n\t\t\t\t<div class=\"elementor-widget-container\">\n\t\t\t<h2 class=\"elementor-heading-title elementor-size-default\">REGGIO EMILIA APPROACH\u00ae<\/h2>\t\t<\/div>\n\t\t\t\t<\/div>\n\t\t\t\t<div class=\"elementor-element elementor-element-453bf2b elementor-widget elementor-widget-image\" data-id=\"453bf2b\" data-element_type=\"widget\" data-widget_type=\"image.default\">\n\t\t\t\t<div class=\"elementor-widget-container\">\n\t\t\t\t\t\t\t\t\t\t\t\t\t\t\t<img width=\"691\" height=\"224\" src=\"https:\/\/emmaison.edu.vn\/cs1\/wp-content\/uploads\/2023\/10\/approach.jpg\" class=\"attachment-large size-large\" alt=\"\" loading=\"lazy\" srcset=\"https:\/\/emmaison.edu.vn\/cs1\/wp-content\/uploads\/2023\/10\/approach.jpg 691w, https:\/\/emmaison.edu.vn\/cs1\/wp-content\/uploads\/2023\/10\/approach-300x97.jpg 300w\" sizes=\"(max-width: 691px) 100vw, 691px\" \/>\t\t\t\t\t\t\t\t\t\t\t\t\t\t\t<\/div>\n\t\t\t\t<\/div>\n\t\t\t\t\t<\/div>\n\t\t<\/div>\n\t\t\t\t\t\t\t<\/div>\n\t\t<\/section>\n\t\t\t\t<section class=\"elementor-section elementor-top-section elementor-element elementor-element-22de89e elementor-section-boxed elementor-section-height-default elementor-section-height-default\" data-id=\"22de89e\" data-element_type=\"section\">\n\t\t\t\t\t\t<div class=\"elementor-container elementor-column-gap-default\">\n\t\t\t\t\t<div class=\"elementor-column elementor-col-100 elementor-top-column elementor-element elementor-element-df81ad1\" data-id=\"df81ad1\" data-element_type=\"column\">\n\t\t\t<div class=\"elementor-widget-wrap elementor-element-populated\">\n\t\t\t\t\t\t\t\t<div class=\"elementor-element elementor-element-75b86b6 elementor-widget elementor-widget-text-editor\" data-id=\"75b86b6\" data-element_type=\"widget\" data-widget_type=\"text-editor.default\">\n\t\t\t\t<div class=\"elementor-widget-container\">\n\t\t\t\t\t\t\t<p>The Reggio Emilia Approach\u00ae was founded in the mid-19th century. The Reggio Emilia Approach\u00ae is an educational philosophy based on the image of a child with strong potential, able to learn hundreds of languages and develop relationships with those around them. Rooted in a child&#8217;s unlimited potential since birth, this approach covers each aspect of each child&#8217;s integral development. The Reggio Emilia\u00ae approach values the holistic development of each child by exploring their unlimited potential and 100 Languages. The Philosophy of the Reggio Emilia Approach\u00ae:<\/p><ol><li><span style=\"color: var( --e-global-color-text ); letter-spacing: 0px;\">Has taken root in more than 145 countries and territories around the world.<\/span><\/li><li>Values a child&#8217;s integral development by exploring their unlimited potential.<\/li><li>Contains in its philosophy ways of educating children that cover a variety of subjects and fields of study such as: science, mathematics, art, emotional development, community communication, imagination, personality, aesthetics, independence and many other necessary skills so that a child can mature with the full range of skills and abilities necessary for facing the future.<\/li><\/ol>\t\t\t\t\t\t<\/div>\n\t\t\t\t<\/div>\n\t\t\t\t\t<\/div>\n\t\t<\/div>\n\t\t\t\t\t\t\t<\/div>\n\t\t<\/section>\n\t\t\t\t<section class=\"elementor-section elementor-top-section elementor-element elementor-element-e6cf3d4 elementor-section-boxed elementor-section-height-default elementor-section-height-default\" data-id=\"e6cf3d4\" data-element_type=\"section\">\n\t\t\t\t\t\t<div class=\"elementor-container elementor-column-gap-default\">\n\t\t\t\t\t<div class=\"elementor-column elementor-col-100 elementor-top-column elementor-element elementor-element-7ab83ce\" data-id=\"7ab83ce\" data-element_type=\"column\">\n\t\t\t<div class=\"elementor-widget-wrap elementor-element-populated\">\n\t\t\t\t\t\t\t\t<div class=\"elementor-element elementor-element-c6a420b big_title elementor-widget elementor-widget-heading\" data-id=\"c6a420b\" data-element_type=\"widget\" data-widget_type=\"heading.default\">\n\t\t\t\t<div class=\"elementor-widget-container\">\n\t\t\t<h2 class=\"elementor-heading-title elementor-size-default\">The Philosophy of the Reggio Emilia Approach\u00ae<\/h2>\t\t<\/div>\n\t\t\t\t<\/div>\n\t\t\t\t\t<\/div>\n\t\t<\/div>\n\t\t\t\t\t\t\t<\/div>\n\t\t<\/section>\n\t\t\t\t<section class=\"elementor-section elementor-top-section elementor-element elementor-element-a8c9c13 elementor-section-boxed elementor-section-height-default elementor-section-height-default\" data-id=\"a8c9c13\" data-element_type=\"section\">\n\t\t\t\t\t\t<div class=\"elementor-container elementor-column-gap-default\">\n\t\t\t\t\t<div class=\"elementor-column elementor-col-100 elementor-top-column elementor-element elementor-element-79b8e2c\" data-id=\"79b8e2c\" data-element_type=\"column\">\n\t\t\t<div class=\"elementor-widget-wrap elementor-element-populated\">\n\t\t\t\t\t\t\t\t<div class=\"elementor-element elementor-element-37871ab elementor-widget elementor-widget-menu-anchor\" data-id=\"37871ab\" data-element_type=\"widget\" data-widget_type=\"menu-anchor.default\">\n\t\t\t\t<div class=\"elementor-widget-container\">\n\t\t\t\t\t<div id=\"reggio-emilia-approach\" class=\"elementor-menu-anchor\"><\/div>\n\t\t\t\t<\/div>\n\t\t\t\t<\/div>\n\t\t\t\t\t<\/div>\n\t\t<\/div>\n\t\t\t\t\t\t\t<\/div>\n\t\t<\/section>\n\t\t\t\t<section class=\"elementor-section elementor-top-section elementor-element elementor-element-03d26ed elementor-section-boxed elementor-section-height-default elementor-section-height-default\" data-id=\"03d26ed\" data-element_type=\"section\" data-settings=\"{&quot;background_background&quot;:&quot;classic&quot;}\">\n\t\t\t\t\t\t<div class=\"elementor-container elementor-column-gap-default\">\n\t\t\t\t\t<div class=\"elementor-column elementor-col-100 elementor-top-column elementor-element elementor-element-8af8367\" data-id=\"8af8367\" data-element_type=\"column\">\n\t\t\t<div class=\"elementor-widget-wrap elementor-element-populated\">\n\t\t\t\t\t\t\t\t<div class=\"elementor-element elementor-element-62b175b elementor-widget elementor-widget-menu-anchor\" data-id=\"62b175b\" data-element_type=\"widget\" data-widget_type=\"menu-anchor.default\">\n\t\t\t\t<div class=\"elementor-widget-container\">\n\t\t\t\t\t<div id=\"study-program\" class=\"elementor-menu-anchor\"><\/div>\n\t\t\t\t<\/div>\n\t\t\t\t<\/div>\n\t\t\t\t<div class=\"elementor-element elementor-element-8c0b1e0 big_title elementor-widget elementor-widget-heading\" data-id=\"8c0b1e0\" data-element_type=\"widget\" data-widget_type=\"heading.default\">\n\t\t\t\t<div class=\"elementor-widget-container\">\n\t\t\t<h2 class=\"elementor-heading-title elementor-size-default\">Learning Program<\/h2>\t\t<\/div>\n\t\t\t\t<\/div>\n\t\t\t\t<div class=\"elementor-element elementor-element-791200f elementor-widget elementor-widget-text-editor\" data-id=\"791200f\" data-element_type=\"widget\" data-widget_type=\"text-editor.default\">\n\t\t\t\t<div class=\"elementor-widget-container\">\n\t\t\t\t\t\t\t<p>Em Maison takes the new Preschool Education Program of the Ministry of Education and Training of Vietnam as a learning goal for our children. The entire teaching implementation process will be especially integrated with the Reggio Emilia Approach\u00ae.<\/p><p>The Department of Preschool Education has assessed the Reggio Emilia Approach\u00ae as a progressive and creative approach, in line with Vietnamese educational conditions, especially in line with the view of &#8220;&#8221;building child-centered preschools&#8221;&#8221; that are being implemented in Vietnamese educational institutions.<\/p><p>The compatibility of the Reggio Emilia Approach\u00ae creates unique value in its localization that is appropriate and compatible with the culture of the school and its children. Our children will be brought up in education in an international environment, which helps them to approach the changes of our times, in the natural world, and in the high demands on creative thinking that are required to respond to an ever-evolving future society.<\/p>\t\t\t\t\t\t<\/div>\n\t\t\t\t<\/div>\n\t\t\t\t\t<\/div>\n\t\t<\/div>\n\t\t\t\t\t\t\t<\/div>\n\t\t<\/section>\n\t\t\t\t<section class=\"elementor-section elementor-top-section elementor-element elementor-element-679e9f4 elementor-section-boxed elementor-section-height-default elementor-section-height-default\" data-id=\"679e9f4\" data-element_type=\"section\" data-settings=\"{&quot;background_background&quot;:&quot;classic&quot;}\">\n\t\t\t\t\t\t<div class=\"elementor-container elementor-column-gap-default\">\n\t\t\t\t\t<div class=\"elementor-column elementor-col-100 elementor-top-column elementor-element elementor-element-a41395a\" data-id=\"a41395a\" data-element_type=\"column\">\n\t\t\t<div class=\"elementor-widget-wrap elementor-element-populated\">\n\t\t\t\t\t\t\t\t<section class=\"elementor-section elementor-inner-section elementor-element elementor-element-85f69c8 elementor-section-boxed elementor-section-height-default elementor-section-height-default\" data-id=\"85f69c8\" data-element_type=\"section\">\n\t\t\t\t\t\t<div class=\"elementor-container elementor-column-gap-wide\">\n\t\t\t\t\t<div class=\"elementor-column elementor-col-50 elementor-inner-column elementor-element elementor-element-6c81069\" data-id=\"6c81069\" data-element_type=\"column\">\n\t\t\t<div class=\"elementor-widget-wrap elementor-element-populated\">\n\t\t\t\t\t\t\t\t<div class=\"elementor-element elementor-element-694abee elementor-widget elementor-widget-image\" data-id=\"694abee\" data-element_type=\"widget\" data-widget_type=\"image.default\">\n\t\t\t\t<div class=\"elementor-widget-container\">\n\t\t\t\t\t\t\t\t\t\t\t\t\t\t\t<img width=\"800\" height=\"533\" src=\"https:\/\/emmaison.edu.vn\/cs1\/wp-content\/uploads\/2021\/12\/becon-hoc-gi-tieng-anh.jpg\" class=\"attachment-large size-large\" alt=\"\" loading=\"lazy\" srcset=\"https:\/\/emmaison.edu.vn\/cs1\/wp-content\/uploads\/2021\/12\/becon-hoc-gi-tieng-anh.jpg 800w, https:\/\/emmaison.edu.vn\/cs1\/wp-content\/uploads\/2021\/12\/becon-hoc-gi-tieng-anh-300x200.jpg 300w, https:\/\/emmaison.edu.vn\/cs1\/wp-content\/uploads\/2021\/12\/becon-hoc-gi-tieng-anh-768x512.jpg 768w, https:\/\/emmaison.edu.vn\/cs1\/wp-content\/uploads\/2021\/12\/becon-hoc-gi-tieng-anh-760x505.jpg 760w\" sizes=\"(max-width: 800px) 100vw, 800px\" \/>\t\t\t\t\t\t\t\t\t\t\t\t\t\t\t<\/div>\n\t\t\t\t<\/div>\n\t\t\t\t\t<\/div>\n\t\t<\/div>\n\t\t\t\t<div class=\"elementor-column elementor-col-50 elementor-inner-column elementor-element elementor-element-73dc0b3\" data-id=\"73dc0b3\" data-element_type=\"column\">\n\t\t\t<div class=\"elementor-widget-wrap elementor-element-populated\">\n\t\t\t\t\t\t\t\t<div class=\"elementor-element elementor-element-cd7ff37 elementor-widget elementor-widget-heading\" data-id=\"cd7ff37\" data-element_type=\"widget\" data-widget_type=\"heading.default\">\n\t\t\t\t<div class=\"elementor-widget-container\">\n\t\t\t<h2 class=\"elementor-heading-title elementor-size-default\">English Program<\/h2>\t\t<\/div>\n\t\t\t\t<\/div>\n\t\t\t\t<div class=\"elementor-element elementor-element-86891b4 elementor-widget elementor-widget-text-editor\" data-id=\"86891b4\" data-element_type=\"widget\" data-widget_type=\"text-editor.default\">\n\t\t\t\t<div class=\"elementor-widget-container\">\n\t\t\t\t\t\t\t<p>Em Maison&#8217;s bilingual program is developed under the &#8220;&#8221;English Immersion&#8221;&#8221; method.<\/p><p>Each English lesson follows the monthly and weekly learning topics in the Vietnamese program and is integrated into fun activities that include lessons with native teachers.<\/p><p>In this way, our children absorb new languages naturally to become pro-active language learners which promotes their reflex skills. They will use English as a second language and easily absorb knowledge of other cultures at the same time.<\/p>\t\t\t\t\t\t<\/div>\n\t\t\t\t<\/div>\n\t\t\t\t\t<\/div>\n\t\t<\/div>\n\t\t\t\t\t\t\t<\/div>\n\t\t<\/section>\n\t\t\t\t\t<\/div>\n\t\t<\/div>\n\t\t\t\t\t\t\t<\/div>\n\t\t<\/section>\n\t\t\t\t<section class=\"elementor-section elementor-top-section elementor-element elementor-element-53c736c elementor-section-boxed elementor-section-height-default elementor-section-height-default\" data-id=\"53c736c\" data-element_type=\"section\" data-settings=\"{&quot;background_background&quot;:&quot;classic&quot;}\">\n\t\t\t\t\t\t<div class=\"elementor-container elementor-column-gap-default\">\n\t\t\t\t\t<div class=\"elementor-column elementor-col-100 elementor-top-column elementor-element elementor-element-a14671a\" data-id=\"a14671a\" data-element_type=\"column\">\n\t\t\t<div class=\"elementor-widget-wrap elementor-element-populated\">\n\t\t\t\t\t\t\t\t<section class=\"elementor-section elementor-inner-section elementor-element elementor-element-924bf6c elementor-section-boxed elementor-section-height-default elementor-section-height-default\" data-id=\"924bf6c\" data-element_type=\"section\">\n\t\t\t\t\t\t<div class=\"elementor-container elementor-column-gap-wide\">\n\t\t\t\t\t<div class=\"elementor-column elementor-col-100 elementor-inner-column elementor-element elementor-element-a20e032\" data-id=\"a20e032\" data-element_type=\"column\">\n\t\t\t<div class=\"elementor-widget-wrap elementor-element-populated\">\n\t\t\t\t\t\t\t\t<div class=\"elementor-element elementor-element-889a94d big_title elementor-widget elementor-widget-heading\" data-id=\"889a94d\" data-element_type=\"widget\" data-widget_type=\"heading.default\">\n\t\t\t\t<div class=\"elementor-widget-container\">\n\t\t\t<h2 class=\"elementor-heading-title elementor-size-default\">DEVELOPMENT CREATIVE SUPPORT PROGRAM\nCOMPREHENSIVE SOFT SKILLS<\/h2>\t\t<\/div>\n\t\t\t\t<\/div>\n\t\t\t\t<div class=\"elementor-element elementor-element-ffd4549 elementor-widget elementor-widget-text-editor\" data-id=\"ffd4549\" data-element_type=\"widget\" data-widget_type=\"text-editor.default\">\n\t\t\t\t<div class=\"elementor-widget-container\">\n\t\t\t\t\t\t\t<p style=\"text-align: center;\">With the desire to build a learning environment that promotes the development of creative thinking and lifelong learning skills for preschoolers from the first level of education, the Embassy Education ecosystem has completed innovative educational projects. Create positive values and spread them to the most children and parents. The supplementary programs are part of the main curriculum and revolve around Em Maison&#8217;s monthly learning topics including: Yoga Storytelling, U OA Music, Visual Arts<\/p>\t\t\t\t\t\t<\/div>\n\t\t\t\t<\/div>\n\t\t\t\t<div class=\"elementor-element elementor-element-ee70167 elementor-widget elementor-widget-menu-anchor\" data-id=\"ee70167\" data-element_type=\"widget\" data-widget_type=\"menu-anchor.default\">\n\t\t\t\t<div class=\"elementor-widget-container\">\n\t\t\t\t\t<div id=\"creative-support-program\" class=\"elementor-menu-anchor\"><\/div>\n\t\t\t\t<\/div>\n\t\t\t\t<\/div>\n\t\t\t\t\t<\/div>\n\t\t<\/div>\n\t\t\t\t\t\t\t<\/div>\n\t\t<\/section>\n\t\t\t\t<div class=\"elementor-element elementor-element-5ba70ce elementor-widget elementor-widget-image\" data-id=\"5ba70ce\" data-element_type=\"widget\" data-widget_type=\"image.default\">\n\t\t\t\t<div class=\"elementor-widget-container\">\n\t\t\t\t\t\t\t\t\t\t\t\t\t\t\t<img width=\"449\" height=\"151\" src=\"https:\/\/emmaison.edu.vn\/cs1\/wp-content\/uploads\/2023\/09\/3-logo-1.png\" class=\"attachment-banner size-banner\" alt=\"\" loading=\"lazy\" srcset=\"https:\/\/emmaison.edu.vn\/cs1\/wp-content\/uploads\/2023\/09\/3-logo-1.png 449w, https:\/\/emmaison.edu.vn\/cs1\/wp-content\/uploads\/2023\/09\/3-logo-1-300x101.png 300w\" sizes=\"(max-width: 449px) 100vw, 449px\" \/>\t\t\t\t\t\t\t\t\t\t\t\t\t\t\t<\/div>\n\t\t\t\t<\/div>\n\t\t\t\t\t<\/div>\n\t\t<\/div>\n\t\t\t\t\t\t\t<\/div>\n\t\t<\/section>\n\t\t\t\t\t\t<\/div>\n\t\t\t\t\t<\/div>\n\t\t","protected":false},"excerpt":{"rendered":"REGGIO EMILIA APPROACH\u00ae The Reggio Emilia Approach\u00ae was founded in the mid-19th century. The Reggio Emilia Approach\u00ae is an educational philosophy based on the image of a child with strong potential, able to learn hundreds of languages and develop relationships with those around them. Rooted in a child&#8217;s unlimited potential since birth, this approach covers [&hellip;]","protected":false},"author":3,"featured_media":0,"parent":0,"menu_order":0,"comment_status":"closed","ping_status":"closed","template":"","meta":[],"yoast_head":"<!-- This site is optimized with the Yoast SEO plugin v17.9 - https:\/\/yoast.com\/wordpress\/plugins\/seo\/ -->\n<meta name=\"robots\" content=\"index, follow, max-snippet:-1, max-image-preview:large, max-video-preview:-1\" \/>\n<link rel=\"canonical\" href=\"https:\/\/emmaison.edu.vn\/cs1\/en\/our-home\/\" \/>\n<meta property=\"og:locale\" content=\"en_US\" \/>\n<meta property=\"og:type\" content=\"article\" \/>\n<meta property=\"og:title\" content=\"Our home - Tr\u01b0\u1eddng m\u1ea7m non Ng\u00f4i Nh\u00e0 B\u00e9 Con \u2013 Em Maison\" \/>\n<meta property=\"og:description\" content=\"REGGIO EMILIA APPROACH\u00ae The Reggio Emilia Approach\u00ae was founded in the mid-19th century. The Reggio Emilia Approach\u00ae is an educational philosophy based on the image of a child with strong potential, able to learn hundreds of languages and develop relationships with those around them. Rooted in a child&#8217;s unlimited potential since birth, this approach covers [&hellip;]\" \/>\n<meta property=\"og:url\" content=\"https:\/\/emmaison.edu.vn\/cs1\/en\/our-home\/\" \/>\n<meta property=\"og:site_name\" content=\"Tr\u01b0\u1eddng m\u1ea7m non Ng\u00f4i Nh\u00e0 B\u00e9 Con \u2013 Em Maison\" \/>\n<meta property=\"article:modified_time\" content=\"2023-10-09T10:58:54+00:00\" \/>\n<meta property=\"og:image\" content=\"http:\/\/emmaison.edu.vn\/cs1\/wp-content\/uploads\/2023\/10\/approach.jpg\" \/>\n<meta name=\"twitter:card\" content=\"summary_large_image\" \/>\n<meta name=\"twitter:label1\" content=\"Est. reading time\" \/>\n\t<meta name=\"twitter:data1\" content=\"11 minutes\" \/>\n<script type=\"application\/ld+json\" class=\"yoast-schema-graph\">{\"@context\":\"https:\/\/schema.org\",\"@graph\":[{\"@type\":\"WebSite\",\"@id\":\"https:\/\/emmaison.edu.vn\/cs1\/#website\",\"url\":\"https:\/\/emmaison.edu.vn\/cs1\/\",\"name\":\"Tr\\u01b0\\u1eddng m\\u1ea7m non Ng\\u00f4i Nh\\u00e0 B\\u00e9 Con \\u2013 Em Maison\",\"description\":\"Bilingual Mind - Global Inspired T\\u01b0 duy Song ng\\u1eef - C\\u1ea3m h\\u1ee9ng To\\u00e0n c\\u1ea7u\",\"potentialAction\":[{\"@type\":\"SearchAction\",\"target\":{\"@type\":\"EntryPoint\",\"urlTemplate\":\"https:\/\/emmaison.edu.vn\/cs1\/?s={search_term_string}\"},\"query-input\":\"required name=search_term_string\"}],\"inLanguage\":\"en-US\"},{\"@type\":\"ImageObject\",\"@id\":\"https:\/\/emmaison.edu.vn\/cs1\/en\/our-home\/#primaryimage\",\"inLanguage\":\"en-US\",\"url\":\"http:\/\/emmaison.edu.vn\/cs1\/wp-content\/uploads\/2023\/10\/approach.jpg\",\"contentUrl\":\"http:\/\/emmaison.edu.vn\/cs1\/wp-content\/uploads\/2023\/10\/approach.jpg\"},{\"@type\":\"WebPage\",\"@id\":\"https:\/\/emmaison.edu.vn\/cs1\/en\/our-home\/#webpage\",\"url\":\"https:\/\/emmaison.edu.vn\/cs1\/en\/our-home\/\",\"name\":\"Our home - Tr\\u01b0\\u1eddng m\\u1ea7m non Ng\\u00f4i Nh\\u00e0 B\\u00e9 Con \\u2013 Em Maison\",\"isPartOf\":{\"@id\":\"https:\/\/emmaison.edu.vn\/cs1\/#website\"},\"primaryImageOfPage\":{\"@id\":\"https:\/\/emmaison.edu.vn\/cs1\/en\/our-home\/#primaryimage\"},\"datePublished\":\"2023-10-02T06:50:18+00:00\",\"dateModified\":\"2023-10-09T10:58:54+00:00\",\"breadcrumb\":{\"@id\":\"https:\/\/emmaison.edu.vn\/cs1\/en\/our-home\/#breadcrumb\"},\"inLanguage\":\"en-US\",\"potentialAction\":[{\"@type\":\"ReadAction\",\"target\":[\"https:\/\/emmaison.edu.vn\/cs1\/en\/our-home\/\"]}]},{\"@type\":\"BreadcrumbList\",\"@id\":\"https:\/\/emmaison.edu.vn\/cs1\/en\/our-home\/#breadcrumb\",\"itemListElement\":[{\"@type\":\"ListItem\",\"position\":1,\"name\":\"Home\",\"item\":\"https:\/\/emmaison.edu.vn\/cs1\/\"},{\"@type\":\"ListItem\",\"position\":2,\"name\":\"Our home\"}]}]}<\/script>\n<!-- \/ Yoast SEO plugin. -->","yoast_head_json":{"robots":{"index":"index","follow":"follow","max-snippet":"max-snippet:-1","max-image-preview":"max-image-preview:large","max-video-preview":"max-video-preview:-1"},"canonical":"https:\/\/emmaison.edu.vn\/cs1\/en\/our-home\/","og_locale":"en_US","og_type":"article","og_title":"Our home - Tr\u01b0\u1eddng m\u1ea7m non Ng\u00f4i Nh\u00e0 B\u00e9 Con \u2013 Em Maison","og_description":"REGGIO EMILIA APPROACH\u00ae The Reggio Emilia Approach\u00ae was founded in the mid-19th century. The Reggio Emilia Approach\u00ae is an educational philosophy based on the image of a child with strong potential, able to learn hundreds of languages and develop relationships with those around them. Rooted in a child&#8217;s unlimited potential since birth, this approach covers [&hellip;]","og_url":"https:\/\/emmaison.edu.vn\/cs1\/en\/our-home\/","og_site_name":"Tr\u01b0\u1eddng m\u1ea7m non Ng\u00f4i Nh\u00e0 B\u00e9 Con \u2013 Em Maison","article_modified_time":"2023-10-09T10:58:54+00:00","og_image":[{"url":"http:\/\/emmaison.edu.vn\/cs1\/wp-content\/uploads\/2023\/10\/approach.jpg"}],"twitter_card":"summary_large_image","twitter_misc":{"Est. reading time":"11 minutes"},"schema":{"@context":"https:\/\/schema.org","@graph":[{"@type":"WebSite","@id":"https:\/\/emmaison.edu.vn\/cs1\/#website","url":"https:\/\/emmaison.edu.vn\/cs1\/","name":"Tr\u01b0\u1eddng m\u1ea7m non Ng\u00f4i Nh\u00e0 B\u00e9 Con \u2013 Em Maison","description":"Bilingual Mind - Global Inspired T\u01b0 duy Song ng\u1eef - C\u1ea3m h\u1ee9ng To\u00e0n c\u1ea7u","potentialAction":[{"@type":"SearchAction","target":{"@type":"EntryPoint","urlTemplate":"https:\/\/emmaison.edu.vn\/cs1\/?s={search_term_string}"},"query-input":"required name=search_term_string"}],"inLanguage":"en-US"},{"@type":"ImageObject","@id":"https:\/\/emmaison.edu.vn\/cs1\/en\/our-home\/#primaryimage","inLanguage":"en-US","url":"http:\/\/emmaison.edu.vn\/cs1\/wp-content\/uploads\/2023\/10\/approach.jpg","contentUrl":"http:\/\/emmaison.edu.vn\/cs1\/wp-content\/uploads\/2023\/10\/approach.jpg"},{"@type":"WebPage","@id":"https:\/\/emmaison.edu.vn\/cs1\/en\/our-home\/#webpage","url":"https:\/\/emmaison.edu.vn\/cs1\/en\/our-home\/","name":"Our home - Tr\u01b0\u1eddng m\u1ea7m non Ng\u00f4i Nh\u00e0 B\u00e9 Con \u2013 Em Maison","isPartOf":{"@id":"https:\/\/emmaison.edu.vn\/cs1\/#website"},"primaryImageOfPage":{"@id":"https:\/\/emmaison.edu.vn\/cs1\/en\/our-home\/#primaryimage"},"datePublished":"2023-10-02T06:50:18+00:00","dateModified":"2023-10-09T10:58:54+00:00","breadcrumb":{"@id":"https:\/\/emmaison.edu.vn\/cs1\/en\/our-home\/#breadcrumb"},"inLanguage":"en-US","potentialAction":[{"@type":"ReadAction","target":["https:\/\/emmaison.edu.vn\/cs1\/en\/our-home\/"]}]},{"@type":"BreadcrumbList","@id":"https:\/\/emmaison.edu.vn\/cs1\/en\/our-home\/#breadcrumb","itemListElement":[{"@type":"ListItem","position":1,"name":"Home","item":"https:\/\/emmaison.edu.vn\/cs1\/"},{"@type":"ListItem","position":2,"name":"Our home"}]}]}},"lang":"en","translations":{"vi":37,"en":3034},"pll_sync_post":[],"_links":{"self":[{"href":"https:\/\/emmaison.edu.vn\/cs1\/wp-json\/wp\/v2\/pages\/3034"}],"collection":[{"href":"https:\/\/emmaison.edu.vn\/cs1\/wp-json\/wp\/v2\/pages"}],"about":[{"href":"https:\/\/emmaison.edu.vn\/cs1\/wp-json\/wp\/v2\/types\/page"}],"author":[{"embeddable":true,"href":"https:\/\/emmaison.edu.vn\/cs1\/wp-json\/wp\/v2\/users\/3"}],"replies":[{"embeddable":true,"href":"https:\/\/emmaison.edu.vn\/cs1\/wp-json\/wp\/v2\/comments?post=3034"}],"version-history":[{"count":94,"href":"https:\/\/emmaison.edu.vn\/cs1\/wp-json\/wp\/v2\/pages\/3034\/revisions"}],"predecessor-version":[{"id":3340,"href":"https:\/\/emmaison.edu.vn\/cs1\/wp-json\/wp\/v2\/pages\/3034\/revisions\/3340"}],"wp:attachment":[{"href":"https:\/\/emmaison.edu.vn\/cs1\/wp-json\/wp\/v2\/media?parent=3034"}],"curies":[{"name":"wp","href":"https:\/\/api.w.org\/{rel}","templated":true}]}}